47907 a composite number?
True
Is 1362440441 prime?
True
Is 796576237 a composite number?
False
Is 68514102721 a composite number?
True
Is 452558423 prime?
True
Is 834601463 prime?
True
Is 69475539587 a prime number?
False
Is 115328900213 composite?
True
Is 25237127233 a prime number?
True
Is 1339950657 a prime number?
False
Is 4065868241 composite?
False
Is 263123423 a prime number?
True
Is 267147317 a composite number?
True
Is 2219075009 prime?
True
Is 4784390879 prime?
False
Is 34386433934 a composite number?
True
Is 400330907 a composite number?
False
Is 11709218009 composite?
True
Is 810954083 a composite number?
False
Is 115195562857 a prime number?
False
Is 40909959971 a prime number?
True
Is 27696463321 composite?
False
Is 3210067999 a prime number?
True
Is 174844703 a prime number?
False
Is 1948462823 composite?
False
Is 4113380533 prime?
True
Is 261706358 composite?
True
Is 32513980841 prime?
True
Is 169766636953 a composite number?
True
Is 39752672299 a prime number?
False
Is 5158653781 composite?
False
Is 660668731 composite?
False
Is 35856539599 prime?
False
Is 430206577 prime?
True
Is 4750462069 prime?
True
Is 58090625963 composite?
True
Is 20450329721 a composite number?
True
Is 437672759 composite?
False
Is 12226439 a composite number?
True
Is 112497759607 composite?
True
Is 526675442 a prime number?
False
Is 62234474831 prime?
True
Is 4372442819 composite?
True
Is 1556763778 prime?
False
Is 15781871213 a composite number?
False
Is 35004253367 prime?
True
Is 134441285269 composite?
True
Is 11111500711 a prime number?
False
Is 178270387 a composite number?
False
Is 283115683 prime?
True
Is 2079530501 prime?
True
Is 43827391 prime?
True
Is 6760137521 a composite number?
False
Is 1128020965 prime?
False
Is 37501141597 prime?
True
Is 3118219957 prime?
True
Is 16474171 composite?
True
Is 2811031667 a prime number?
False
Is 1277784069 a prime number?
False
Is 3738576791 a composite number?
True
Is 4613681011 composite?
True
Is 4414164091 composite?
True
Is 900181013 prime?
True
Is 1368641089 a prime number?
True
Is 1630786831 prime?
False
Is 14118794093 a prime number?
False
Is 19412988259 composite?
True
Is 72927746981 composite?
False
Is 47177604317 composite?
False
Is 308498293 a composite number?
True
Is 12347576609 composite?
False
Is 2763109733 a composite number?
True
Is 391898393 a composite number?
False
Is 22033042477 a prime number?
False
Is 262344059 a prime number?
True
Is 19010065859 prime?
True
Is 179909839 a composite number?
False
Is 623496271 composite?
False
Is 278478943 prime?
False
Is 14592403851 a composite number?
True
Is 4067183957 prime?
True
Is 2912313709 prime?
True
Is 557627045099 a composite number?
False
Is 4501088951 a prime number?
False
Is 308425109 composite?
False
Is 610258931 a composite number?
True
Is 11828464429 a composite number?
False
Is 4864842687 a prime number?
False
Is 121472759 a prime number?
True
Is 21486780203 composite?
True
Is 1049516087 a prime number?
False
Is 288853927 prime?
True
Is 41059305271 a composite number?
False
Is 21579106249 composite?
False
Is 177156393 composite?
True
Is 42791621909 a composite number?
True
Is 19624508251 prime?
False
Is 965935249 prime?
False
Is 2564802797 prime?
True
Is 2187689753 a prime number?
False
Is 9335789759 a prime number?
True
Is 2757704009 prime?
True
Is 26546015711 a prime number?
False
Is 16994368459 a prime number?
False
Is 9865168307 composite?
False
Is 50308016503 composite?
True
Is 20355805589 composite?
True
Is 1951928078 composite?
True
Is 44575854199 a composite number?
False
Is 133776265286 prime?
False
Is 12314676223 composite?
True
Is 7001157497 prime?
False
Is 10488444839 a composite number?
False
Is 1311876359 composite?
False
Is 277579802 composite?
True
Is 883196731 composite?
False
Is 19194911 composite?
False
Is 11182887251 prime?
False
Is 8734689341 a composite number?
True
Is 1969803103 prime?
False
Is 185475229553 a prime number?
False
Is 1999754989 prime?
True
Is 4343393779 prime?
True
Is 716565743 a composite number?
False
Is 24107401651 a composite number?
False
Is 1225155961 prime?
True
Is 2748506179 prime?
True
Is 38795201353 a composite number?
True
Is 3047907298 composite?
True
Is 35042028197 a prime number?
False
Is 192088037 prime?
False
Is 815401667 composite?
False
Is 102400546286 a prime number?
False
Is 183259649921 a prime number?
True
Is 19949055463 a composite number?
True
Is 44817083669 composite?
True
Is 4424442287 composite?
True
Is 8879367901 a prime number?
False
Is 18062004797 prime?
True
Is 18501988381 prime?
True
Is 1990999349 a composite number?
True
Is 1404664337 composite?
True
Is 5497946563 prime?
True
Is 5633369341 a prime number?
True
Is 6628240813 a composite number?
False
Is 665199599 a composite number?
True
Is 98108627 composite?
True
Is 3691147459 a prime number?
True
Is 1185107503 composite?
True
Is 3058197403 a prime number?
False
Is 2678728763 a composite number?
True
Is 58584271 composite?
False
Is 167669003 a composite number?
False
Is 146842231 a prime number?
True
Is 1890251099 prime?
False
Is 346272887 prime?
True
Is 85670701631 prime?
False
Is 4047941011 composite?
False
Is 11799092623 composite?
True
Is 9393174541 prime?
True
Is 566596271 a prime number?
True
Is 18926295715 composite?
True
Is 372571139 prime?
True
Is 15355589811 composite?
True
Is 83593243 a prime number?
False
Is 22777925449 composite?
False
Is 14831082817 composite?
True
Is 1509297367 prime?
True
Is 39241172791 a prime number?
False
Is 2755623359 prime?
False
Is 722760977 a prime number?
True
Is 6818690887 a composite number?
False
Is 1409003383 composite?
True
Is 19034645081 a prime number?
True
Is 2536591997 composite?
True
Is 14636207605 a composite number?
True
Is 3689383837 prime?
True
Is 29738749127 a prime number?
True
Is 229742186051 composite?
True
Is 717541609 prime?
True
Is 9073772467 prime?
True
Is 31438984189 composite?
False
Is 45761909173 prime?
False
Is 158550308395 a composite number?
True
Is 126106361 a prime number?
True
Is 7365327917 composite?
False
Is 34212945209 composite?
False
Is 17740178543 a prime number?
False
Is 56017649 composite?
True
Is 52329635153 prime?
True
Is 9455168419 prime?
False
Is 14773768601 composite?
True
Is 2671531463 prime?
False
Is 8984582881 a composite number?
False
Is 96774673027 composite?
False
Is 14645968829 a composite number?
False
Is 18247753967 prime?
True
Is 167282383 a prime number?
True
Is 13172494267 prime?
False
Is 2532881633 a prime number?
True
Is 110077523 a prime number?
True
Is 16717596257 a composite number?
False
Is 17495335421 a composite number?
True
Is 2331579589 a composite number?
False
Is 1878880903 a prime number?
False
Is 2248641511 a composite number?
False
Is 1202449733 a prime number?
False
Is 7448064251 a composite number?
True
Is 420845533 a composite number?
True
Is 10712346439 a composite number?
True
Is 1942474397 a composite number?
False
Is 14733842549 prime?
True
Is 73120582903 prime?
False
Is 154437509 prime?
True
Is 7988615 a composite number?
True
Is 1752384859 a composite number?
True
Is 76234096837 a prime number?
False
Is 3919401439 prime?
True
Is 4945627321 composite?
False
Is 1357665139 a prime number?
True
Is 1039403047 a prime number?
True
Is 319595431 a prime number?
True
Is 21588825899 prime?
True
Is 813827263 a prime number?
True
Is 30594599533 a composite number?
True
Is 820486033 composite?
True
Is 1088355227 composite?
False
Is 3258213851 a prime number?
True
Is 40499456009 prime?
True
Is 24467862301 a composite number?
False
Is 131426750237 a composite number?
False
Is 1382780446 prime?
False
Is 4997920391 a composite number?
True
Is 1340185141 composite?
False
Is 918771627 prime?
False
Is 6323591279 prime?
False
Is 97301497 composite?
False
Is 1532363279 a prime number?
True
Is 61694405 a composite number?
True
Is 4314235423 prime?
True
Is 99459709 composite?
False
Is 1850637160001 composite?
True
Is 1019096129 composite?
True
Is 32190864689 a composite number?
True
Is 25645873829 prime?
False
Is 79224419759 prime?
True
Is 9876700439 a composite number?
False
Is 197269927 prime?
True
Is 2986784473 composite?
True
Is 27004677137 a composite number?
True
Is 9173839771 a composite number?
True
Is 2